*z, -2 = -l*z. What is the units digit of i?
6
Suppose p - 52 = 11. Suppose -m = -4*m + p. What is the units digit of m?
1
Suppose -2*r + r - 5 = 0. Let z = r + 25. What is the tens digit of z?
2
Let q = 250 - 184. What is the units digit of q?
6
Let s = 12 + 0. What is the units digit of s/(8/(-5) + 2)?
0
Suppose -5*b - 4 = 16. Let z = b - 1. What is the units digit of (-1 - 14)*3/z?
9
Let r be 5 + 1 - 4/2. Suppose 16 = -v + r*c, 5*c = 4*v - v + 13. What is the units digit of v?
4
Suppose 4*o - 4*z = 0, 2*o + 5*z - 8 = 6. Suppose l = -o*g + 45, 0*g = -3*g - l + 69. What is the tens digit of g?
2
Suppose 2*h - 31 + 5 = -4*f, f = 5*h - 10. Suppose f*m = m. Suppose 3*y = -m*y + 36. What is the tens digit of y?
1
Let u(n) = -n**3 - 3*n**2 - 5*n - 10. What is the units digit of u(-4)?
6
Let h = 30 + 0. Suppose -2*g + h = 3*g. Suppose 4 = g*o - 2*o. What is the units digit of o?
1
Suppose 0*c + 112 = v - 2*c, -4*c = -v + 120. Let o = 150 - v. What is the units digit of o?
6
What is the tens digit of -9*5/(-6)*6?
4
Let r = 0 - -4. Let h be (-6)/r*40/5. What is the units digit of 2*(-2)/h*3?
1
Let o = 226 + -135. What is the tens digit of o?
9
Let b be 4/14 - 116/14. Let p = 14 + b. What is the units digit of p?
6
Let t = 1 + 9. Suppose 0 = 2*k + y + t - 71, 0 = 4*k - 3*y - 117. What is the tens digit of k?
3
What is the tens digit of 6/21 - 1224/(-28)?
4
Let f(r) = -r**2 + r - 2. Let a be f(3). Let s = a - -9. Let o = 5 - s. What is the units digit of o?
4
What is the units digit of (11/(-2))/((-1)/6)?
3
Let n(t) = -3*t - 5. Let d be n(-4). Suppose -3*k + 3*a = -4*k + 21, 0 = k - 4*a - d. What is the units digit of 22/6 + 5/k?
4
Let l(d) = -d**2 - 6*d + 5. Let z be l(-5). Let n = -7 + 16. Let t = z - n. What is the units digit of t?
1
Suppose 3*i - 53 = 37. What is the units digit of i?
0
Let z(u) be the second derivative of 0 - u**2 - 2/3*u**3 - 4*u. What is the tens digit of z(-5)?
1
Suppose -3*p + 58 = 3*z + 2*p, -65 = -5*z - 2*p. Let v = 23 - z. What is the units digit of v?
2
Let t(q) = q**2 + 1. Let k be t(1). Suppose -2*h = -3*y + 59, y = 3*y - k*h - 42. What is the units digit of y?
7
Let u(i) = 28*i**2 - i - 4. What is the tens digit of u(-3)?
5
Let k(q) = -q**2 - 5*q + 10. Let p be k(-6). Suppose 0 = i + p*i - 135. What is the tens digit of i?
2
Suppose 5*t + 2740 + 1820 = 0. What is the tens digit of 4/22 - t/66?
1
Let c(w) = 29*w - 8. Let t(j) = 28*j - 7. Let q(h) = -6*c(h) + 7*t(h). What is the units digit of q(1)?
1
Suppose -2*n - 7*n = -3537. What is the hundreds digit of n?
3
What is the tens digit of 0 - (-2)/(-5) - (-437)/5?
8
Let g(j) = j**3 - 9*j**2 + 2*j + 11. What is the tens digit of g(9)?
2
Suppose 0 = -3*q + 22 + 8. What is the units digit of (4/q)/(5/75)?
6
Suppose 3*c - 535 + 85 = 0. What is the hundreds digit of c?
1
Suppose -5*d + 7*d - 166 = 0. What is the units digit of d?
3
Suppose 14*c - 21*c = -798. What is the units digit of c?
4
Suppose -s - 2 = 4*q, -q = -6*q + 5*s - 15. Let y = q + 2. What is the units digit of y?
1
Suppose -d + k - 57 = 4*d, d = 4*k. What is the tens digit of 18/d*-22*1?
3
Let b(h) = -h**3 + 3*h**2 - 2*h + 4. Let m be b(3). Let y(i) = 2*i**2 + 0*i + 3*i + 2 + i**2. What is the units digit of y(m)?
8
Suppose 4 = 3*u - 0*u + 5*x, -20 = 5*x. Suppose -i - u = -3*i. What is the units digit of i?
4
Let l(o) = -o**3 + 5*o**2 - 3*o + 2. Let b be l(4). Let w(c) = -c**2 + 6*c + 5. Let r be w(b). Suppose r*j - j = 12. What is the units digit of j?
3
Suppose -f + 2*a + 10 = 3*f, -3*f - 20 = 4*a. Suppose 5*o - 33 - 37 = f. What is the units digit of o?
4
Let q = 4 + -3. Suppose -a + 8 = -q. What is the units digit of a?
9
Let w(x) = -2*x + 4. Let y be w(-4). Suppose y = -0*u + 4*u. What is the units digit of u/(-5)*45/(-3)?
9
Let l be (0 + -1 + 0)*0. Suppose 4*i - i + 15 = l. Let x = i + 9. What is the units digit of x?
4
Let l(v) = v**2 + v - 1. Let w(q) = q**3 - 2*q**2 - 3*q + 3. Let o be w(2). Let i be l(o). Let b = i - -9. What is the tens digit of b?
1
What is the tens digit of (71/1)/((3 + -2)/1)?
7
Let y(s) = -69*s - 1. Let w be y(1). What is the units digit of (-8)/10*w/4?
4
Let y = -475 - -805. What is the tens digit of y?
3
What is the units digit of 574/10 + 12/20?
8
Let b(d) = -d**3 + 8*d**2 - 5*d + 7. Let t be b(7). Suppose -15 = 2*j - 6*j + c, -4*j - 5*c + t = 0. What is the units digit of j?
4
Suppose 0 = -3*q + 5 - 20. Let g = q - -16. What is the tens digit of g?
1
What is the tens digit of ((5 - 1) + -14)/(2/(-46))?
3
Let y be 32/(-14) + 12/42. Let z = 0 - y. What is the units digit of z?
2
Suppose -15 = 13*b - 8*b, -97 = -4*l - b. What is the units digit of l?
5
Let s(i) = -i**2 - 4*i + 6. Let d be s(-6). Let v(p) = p**3 + 6*p**2 + 5. Let k be v(d). Let y = 6 - k. What is the units digit of y?
1
Let t(d) be the third derivative of d**6/120 + d**5/12 - d**4/3 - 3*d**3/2 + d**2. Let g be t(-6). Let z = g + 3. What is the units digit of z?
6
Suppose -4 = v - 33. What is the units digit of v?
9
Let d(m) = 2*m**2 - 6*m + 4. What is the tens digit of d(-4)?
6
Let w(s) = s**3 + 8*s**2 - 8*s + 13. Let j be w(-9). Let r = j - -1. Suppose -r*b + a + 33 = 0, b + 3*a = -3 - 0. What is the units digit of b?
6
Suppose 0*i = -2*i + 110. What is the units digit of i?
5
Suppose -9 = -2*i - i. Let l be -3 + (4 - i) - -18. Suppose l = 4*f - 2*x, 3*f - 25 = -2*x - 6. What is the units digit of f?
5
Suppose -4*c - 5 = -1. What is the tens digit of (297/(-18))/(c/2)?
3
What is the units digit of 914/14 - 2/7?
5
Suppose -5*x + 684 = -546. What is the tens digit of x?
4
Let q = 5 - 15. What is the units digit of q/(((-8)/20)/1)?
5
Let z = 38 + -36. What is the units digit of z?
2
Suppose 5*t = 5*y - 30, -t = 2*t - 5*y + 10. Let a = t - -6. Let f(b) = b**2 + 2*b - 5. What is the units digit of f(a)?
3
Suppose -2*x + 4*x - 5*h - 33 = 0, 4*x - 4*h = 60. What is the units digit of (24/(-28))/((-2)/x)?
6
Suppose 4*w = 5*z - 150, z + 4*w + 46 = 2*z. Let y = z - 13. What is the units digit of y?
3
Let p = 108 - 51. Let j = p + -23. What is the tens digit of j?
3
Suppose 188*n + 168 = 189*n. What is the tens digit of n?
6
Suppose -11*z = -13*z. Let f(b) = 4 - 2*b - b + 2*b. What is the units digit of f(z)?
4
Suppose -108 = -5*u + 77. What is the tens digit of u?
3
Let a be (0 - (-9)/(-6))*-4. Let u = -4 - -3. What is the units digit of -4*a/4*u?
6
Suppose -3*x + 4*x - 3 = 0, 3*x = -j + 155. What is the tens digit of j?
4
Let d = -47 + 70. What is the units digit of d?
3
Suppose 0 = b - 5 + 2. What is the units digit of b?
3
Suppose 5*i - 4*i = -3*v + 86, -5*i - 5*v = -390. What is the units digit of i?
4
Let x be -3 - (2 - (2 + 3)). Let a(s) = -s**3 - s**2 - s + 6. Let b be a(x). Let r(k) = k - 3. What is the units digit of r(b)?
3
Let l(s) = s**2 + 2*s - 3. Suppose 0*a - 20 = 5*a. Let r be l(a). Let f = -1 + r. What is the units digit of f?
4
Let u = -90 + 134. What is the tens digit of u?
4
Suppose -3*k = 3*n - 18, -5*k = 4*n - 7*k - 12. Suppose -d - 5*d + 42 = 0. Let g = d - n. What is the units digit of g?
3
Suppose 0 = -u + 59 - 2. What is the tens digit of u?
5
Let b be ((-36)/(-30))/((-2)/(-5)). Suppose -3*r = 3*l - b, 0 = 5*r + l - 2*l + 1. Suppose r = x - 2*x + 4. What is the units digit of x?
4
Suppose -3*t + 183 = -27. What is the units digit of t?
0
What is the hundreds digit of 5/((-45)/(-6)) - (-872)/6?
1
Suppose -2*l + 2 = -4. Suppose -h - 4*h + 10 = 0. Suppose -3*v + k + h = 0, 5*k = v - l*v + 7. What is the units digit of v?
1
Suppose 0 = -3*o + 2*o + 3. Let p(j) = j**2 - j - 1. Let h be p(o). Suppose 0 = -3*c - h + 29. What is the units digit of c?
8
Suppose -2*a + 154 = a - 5*w, -2*w + 162 = 4*a. What is the units digit of a?
3
Let s = -64 + 114. What is the units digit of s?
0
Suppose i + 431 = 4*d, d - 112 = 3*i - 7*i. Suppose 3*s + 4*z = 64, -4*s + 3*z + 19 = -d. What is the tens digit of s?
2
Let p = -5 + 5. What is the units digit of 33 + (0 - p) - 2?
1
Suppose -17 = -3*l - 4*f, l + f = 1 + 5. Let z(a) = 12*a**2 - a**3 - 7*a + 11 - 4*a**2 - 5. What is the units digit of z(l)?
6
Suppose -279 = -4*h - 5*h. What is the units digit of h?
1
Let n be 4 + (-1)/1*-1. Suppose -5*b = -8 - 12. Let c = n - b. What is the units digit of c?
1
Let b(s) = -s**3 + 10*s**2 - 5*s + 10. What is the tens digit o